ctors of 4006651.
11, 364241
List the prime factors of 348126.
2, 3, 17, 3413
List the prime factors of 1972154.
2, 569, 1733
What are the prime factors of 687462?
2, 3, 114577
What are the prime factors of 910162?
2, 11, 3761
List the prime factors of 954909.
3, 11789
List the prime factors of 1961807.
19, 79, 1307
What are the prime factors of 741529?
277, 2677
List the prime factors of 10415209.
7, 1487887
What are the prime factors of 1215078?
2, 3, 53, 3821
List the prime factors of 18016146.
2, 3, 31, 83, 389
List the prime factors of 2327315.
5, 465463
List the prime factors of 633354.
2, 3, 283, 373
What are the prime factors of 2557063?
2557063
What are the prime factors of 176820?
2, 3, 5, 7, 421
What are the prime factors of 375617?
11, 34147
List the prime factors of 384395.
5, 11, 29, 241
What are the prime factors of 51429?
3, 7, 31, 79
List the prime factors of 1846774.
2, 923387
List the prime factors of 131330.
2, 5, 23, 571
List the prime factors of 219202.
2, 127, 863
List the prime factors of 320526.
2, 3, 17807
What are the prime factors of 58553?
11, 5323
List the prime factors of 102632.
2, 12829
List the prime factors of 127066.
2, 63533
What are the prime factors of 310212?
2, 3, 7, 1231
What are the prime factors of 4896?
2, 3, 17
What are the prime factors of 181880?
2, 5, 4547
What are the prime factors of 3347563?
1291, 2593
List the prime factors of 35096569.
35096569
What are the prime factors of 141577?
31, 4567
List the prime factors of 3653508.
2, 3, 304459
List the prime factors of 3117962.
2, 1558981
What are the prime factors of 4537903?
19, 238837
List the prime factors of 500396.
2, 13, 9623
List the prime factors of 10457090.
2, 5, 7, 21341
List the prime factors of 39436465.
5, 41, 192373
What are the prime factors of 84913?
84913
What are the prime factors of 11387646?
2, 3, 632647
List the prime factors of 169632.
2, 3, 19, 31
List the prime factors of 293160.
2, 3, 5, 7, 349
What are the prime factors of 1624854?
2, 3, 7, 11, 3517
What are the prime factors of 2107403?
2107403
What are the prime factors of 1999910?
2, 5, 11, 18181
What are the prime factors of 11326196?
2, 7, 404507
What are the prime factors of 11278434?
2, 3, 251, 7489
List the prime factors of 22124851.
7, 311, 10163
List the prime factors of 8132937.
3, 1283, 2113
What are the prime factors of 5257208?
2, 11, 5431
What are the prime factors of 4788589?
13, 19, 19387
What are the prime factors of 1714073?
53, 32341
What are the prime factors of 17941517?
11, 29, 5113
What are the prime factors of 2162977?
2162977
What are the prime factors of 28514431?
11, 2592221
List the prime factors of 5691046.
2, 41, 69403
What are the prime factors of 1198171?
13, 37, 47, 53
What are the prime factors of 3756839?
3756839
List the prime factors of 771547.
7, 110221
What are the prime factors of 1725014?
2, 37, 23311
List the prime factors of 612376.
2, 41, 1867
List the prime factors of 6273222.
2, 3, 29, 31, 1163
What are the prime factors of 1287536?
2, 80471
List the prime factors of 283137.
3, 94379
What are the prime factors of 10995362?
2, 7, 17, 46199
What are the prime factors of 4818781?
11, 109, 4019
List the prime factors of 6811543.
17, 400679
What are the prime factors of 17872254?
2, 3, 992903
List the prime factors of 1191057.
3, 7, 43, 1319
List the prime factors of 7364976.
2, 3, 153437
List the prime factors of 537842.
2, 268921
List the prime factors of 55351.
55351
What are the prime factors of 5314653?
3, 21871
List the prime factors of 80614.
2, 17, 2371
List the prime factors of 450247.
7, 131, 491
What are the prime factors of 394120?
2, 5, 59, 167
What are the prime factors of 269030?
2, 5, 26903
List the prime factors of 418351.
418351
What are the prime factors of 1076479?
151, 7129
What are the prime factors of 3180277?
19, 59, 2837
List the prime factors of 37170.
2, 3, 5, 7, 59
List the prime factors of 398934.
2, 3, 37, 599
List the prime factors of 20674703.
7, 17, 71, 2447
List the prime factors of 4018139.
19, 73, 2897
List the prime factors of 8721.
3, 17, 19
What are the prime factors of 3984921?
3, 442769
List the prime factors of 888543.
3, 32909
What are the prime factors of 654240?
2, 3, 5, 29, 47
What are the prime factors of 2166646?
2, 19, 23, 37, 67
List the prime factors of 86077.
86077
What are the prime factors of 143020?
2, 5, 7151
What are the prime factors of 87914?
2, 113, 389
List the prime factors of 4414880.
2, 5, 41, 673
What are the prime factors of 20556?
2, 3, 571
List the prime factors of 8542314.
2, 3, 11, 73, 197
What are the prime factors of 251247?
3, 89, 941
What are the prime factors of 22958241?
3, 37, 107, 1933
What are the prime factors of 16313?
11, 1483
List the prime factors of 18879.
3, 7, 29, 31
List the prime factors of 177904.
2, 11119
What are the prime factors of 315957?
3, 105319
What are the prime factors of 1922197?
83, 23159
List the prime factors of 2647765.
5, 173, 3061
What are the prime factors of 13426?
2, 7, 137
What are the prime factors of 657738?
2, 3, 36541
List the prime factors of 10930445.
5, 31, 97, 727
What are the prime factors of 2254049?
7, 157, 293
What are the prime factors of 1748838?
2, 3, 7, 13, 3203
What are the prime factors of 984757?
984757
What are the prime factors of 211155?
3, 5, 7, 2011
List the prime factors of 3027936.
2, 3, 31541
What are the prime factors of 276493?
7, 39499
What are the prime factors of 382429?
382429
What are the prime factors of 472754?
2, 236377
List the prime factors of 10721501.
7, 599, 2557
What are the prime factors of 1645899?
3, 139, 3947
List the prime factors of 869696.
2, 107, 127
List the prime factors of 47319.
3, 15773
List the prime factors of 397994.
2, 198997
List the prime factors of 2333177.
7, 11, 157, 193
What are the prime factors of 31348?
2, 17, 461
List the prime factors of 1097496.
2, 3, 5081
List the prime factors of 198546.
2, 3, 33091
What are the prime factors of 1096812?
2, 3, 30467
What are the prime factors of 16283?
19, 857
What are the prime factors of 5658694?
2, 19, 148913
List the prime factors of 1504785.
3, 5, 43, 2333
What are the prime factors of 1283217?
3, 13, 2531
What are the prime factors of 411908?
2, 7, 47, 313
List the prime factors of 7263186.
2, 3, 7, 172933
What are the prime factors of 6473115?
3, 5, 11, 1453
What are the prime factors of 150453?
3, 73, 229
List the prime factors of 8789011.
7, 11, 114143
What are the prime factors of 948096?
2, 3, 823
What are the prime factors of 12270573?
3, 7, 194771
List the prime factors of 2426464.
2, 191, 397
List the prime factors of 86995.
5, 127, 137
What are the prime factors of 516380?
2, 5, 25819
What are the prime factors of 1624934?
2, 812467
List the prime factors of 17380925.
5, 31, 41, 547
List the prime factors of 3224915.
5, 89, 7247
What are the prime factors of 665412?
2, 3, 11, 71
List the prime factors of 40321.
61, 661
List the prime factors of 489071.
11, 173, 257
What are the prime factors of 9330502?
2, 23, 8819
What are the prime factors of 223833?
3, 74611
List the prime factors of 2049295.
5, 61, 6719
List the prime factors of 651567.
3, 7, 19, 23, 71
What are the prime factors of 2998667?
7, 443, 967
What are the prime factors of 23815?
5, 11, 433
List the prime factors of 17583046.
2, 13, 599, 1129
List the prime factors of 1095273.
3, 121697
What are the prime factors of 780384?
2, 3, 11, 739
List the prime factors of 12079643.
241, 50123
What are the prime factors of 74191?
13, 439
List the prime factors of 3555480.
2, 3, 5, 29629
List the prime factors of 435203.
29, 43, 349
What are the prime factors of 23593385?
5, 29, 162713
What are the prime factors of 565785?
3, 5, 11, 127
What are the prime factors of 264257?
7, 5393
What are the prime factors of 1407820?
2, 5, 43, 1637
What are the prime factors of 27700033?
27700033
What are the prime factors of 16604368?
2, 11, 94343
What are the prime factors of 15637687?
13, 41, 29339
List the prime factors of 162246.
2, 3, 7, 3863
What are the prime factors of 58454?
2, 11, 2657
List the prime factors of 265364.
2, 11, 37, 163
What are the prime factors of 286345?
5, 57269
List the prime factors of 206475.
3, 5, 2753
What are the prime